**2 - 8303*c - 58081. Calculate o(-7).
-9
Let l(q) = -2*q**2 + 31*q - 24. What is l(11)?
75
Let k(h) = 2*h**3 - 26*h**2 + 35. Give k(13).
35
Let i(c) = -508*c - 2457. Determine i(-4).
-425
Let q(a) = -6642*a + 278990. Calculate q(42).
26
Let h(c) = 15*c**2 + 104*c - 628. What is h(6)?
536
Let h(p) = -175*p**2 + 3670*p + 111. Give h(21).
6
Let d(j) = 545*j**2 + j - 4. Give d(-1).
540
Let u(x) = -x**3 - 17*x**2 + 297*x + 3874. Determine u(-14).
-872
Let j(x) = -2*x**2 - 466*x - 6941. Calculate j(-217).
3
Let s(u) = 2969*u + 961991. What is s(-324)?
35
Let a(b) = 160*b - 38407. Calculate a(240).
-7
Let q(h) = -h**2 - 735*h - 28529. What is q(-41)?
-75
Let l(b) = -234242*b - 1405449. What is l(-6)?
3
Let u(a) = a**3 - 724*a**2 - 536*a - 664971. Calculate u(726).
45
Let s(m) = -162*m**2 + 157782*m + 5878. Calculate s(974).
34
Let y(r) = -12*r**2 + 104*r + 1323. Determine y(-7).
7
Let f(t) = -2*t**2 + 232*t - 5351. Determine f(84).
25
Let p(o) = -o**3 + 489*o**2 + 3965*o + 5488. What is p(497)?
21
Let j(n) = n**3 + 1180*n**2 + 12084*n + 449280. What is j(-1170)?
0
Let b(g) = -912*g + 220680. What is b(242)?
-24
Let a(d) = 7129*d - 71613. What is a(10)?
-323
Let j(k) = 21992*k + 22029. What is j(-1)?
37
Let r(x) = 2650*x + 127249. Determine r(-48).
49
Let n(t) = t**3 + 104*t**2 + 2513*t + 3435. What is n(-35)?
5
Let j(m) = m**3 + 14*m**2 + 24*m + 108. Determine j(-12).
108
Let d(o) = 2*o**3 + 89*o**2 + 281*o - 286. Give d(-41).
-40
Let u(v) = -25426*v + 19044065. Calculate u(749).
-9
Let l(a) = -237*a + 7867. Calculate l(28).
1231
Let p(c) = 849*c - 5834. What is p(7)?
109
Let g(f) = -31615*f - 158108. Calculate g(-5).
-33
Let k(d) = 224*d**3 - 7*d**2 + 6*d. Calculate k(1).
223
Let g(h) = -2*h**2 + 210*h + 2142. Calculate g(114).
90
Let h(f) = -f**2 + 62*f - 932. What is h(29)?
25
Let t(c) = -142*c**3 + 4*c**2 - 1198*c + 3597. Give t(3).
-3795
Let p(u) = 125396*u + 250784. Calculate p(-2).
-8
Let f(r) = r**3 - 37*r**2 + 317*r - 83. Calculate f(13).
-18
Let j(v) = v**3 - 98*v**2 + 2095*v - 1263. What is j(67)?
-57
Let w(b) = 270945*b - 8941176. What is w(33)?
9
Let t(z) = 1372*z**2 - 3360*z - 3356. Determine t(-1).
1376
Let g(r) = 5*r**2 - 24396*r - 146556. Determine g(-6).
0
Let o(h) = -h**3 - 64*h**2 + 35*h + 2451. Determine o(-64).
211
Let o(x) = x**3 + 31*x**2 + 85*x + 497. Give o(-10).
1747
Let l(t) = -t**3 + 100*t**2 + 50*t - 23623. What is l(98)?
485
Let v(d) = 90*d + 272. Calculate v(-5).
-178
Let c(w) = -4*w**3 - 42*w**2 - 482*w - 4376. What is c(-9)?
-524
Let f(y) = -41*y**3 + 1310*y**2 + 72*y - 33. Determine f(32).
223
Let v(c) = 991*c - 288258. Calculate v(291).
123
Let j(k) = -66*k**2 - 11593*k - 23191. Determine j(-2).
-269
Let j(y) = y**2 - 56*y - 707. What is j(71)?
358
Let j(h) = 2*h**3 - 191*h**2 + 334*h - 4876. Give j(94).
12
Let o(z) = 3*z**3 - 5*z**2 - 5346*z + 5356. Determine o(1).
8
Let p(f) = f**3 - 111*f**2 + 1277*f - 331. Give p(98).
-37
Let o(z) = 433*z + 10477. What is o(-23)?
518
Let k(c) = -17742*c + 3796793. Give k(214).
5
Let n(d) = 32163*d + 39. Determine n(0).
39
Let r(f) = 1175*f - 2768. Give r(2).
-418
Let h(m) = -m**2 - 163*m + 64412. Calculate h(185).
32
Let p(g) = 59451*g + 594515. What is p(-10)?
5
Let n(k) = -12*k**3 + 10*k**2 + 65*k - 398. Give n(5).
-1323
Let d(q) = -q**3 + 12*q**2 - 31*q - 274. Determine d(12).
-646
Let c(z) = 1453*z - 274590. Determine c(190).
1480
Let p(b) = b**3 - 68*b**2 + 211*b - 4601. Give p(66).
613
Let n(j) = 42469*j - 4374290. Give n(103).
17
Let d(f) = -5*f**3 - 55*f**2 + 754*f + 15. Give d(8).
-33
Let l(g) = 38*g**2 - 45*g - 54. Give l(3).
153
Let q(b) = -b**3 - 482*b**2 - 392*b + 42519. Calculate q(-481).
-290
Let l(u) = -10*u + 1983. Determine l(11).
1873
Let l(w) = -3*w**3 - 11*w**2 - 5360*w - 16069. Calculate l(-3).
-7
Let a(w) = 16*w**2 + 648*w + 5623. Determine a(-28).
23
Let f(j) = -j**3 + 19*j**2 + 662*j - 557. What is f(-19)?
583
Let u(m) = 24*m**2 - 238*m - 462. What is u(11)?
-176
Let t(p) = -22*p**2 + 767*p - 252. What is t(34)?
394
Let o(f) = -39*f - 2114. Determine o(-48).
-242
Let g(c) = 9*c**3 + 104*c**2 - 547*c - 5984. Calculate g(-12).
4
Let h(l) = -4*l**2 - 206*l + 456. Determine h(-54).
-84
Let x(l) = -2235*l - 89394. Determine x(-40).
6
Let m(y) = -2*y**3 - 1729*y**2 - 33009*y - 45627. What is m(-845)?
3
Let m(q) = -156*q**2 - 3143*q - 466. Determine m(-20).
-6
Let n(m) = -6*m**2 - 432*m - 3381. Calculate n(-9).
21
Let s(c) = -c**2 + 451*c - 32489. Determine s(88).
-545
Let m(i) = i**3 + 30*i**2 - 977*i + 4768. Give m(-51).
-26
Let h(i) = -2348*i + 1002597. Determine h(427).
1
Let n(w) = w**3 + 18*w**2 - 190*w - 3328. Give n(-18).
92
Let q(s) = -1202*s - 229626. Determine q(-191).
-44
Let g(k) = -40*k + 492. What is g(5)?
292
Let y(u) = u**2 + 7*u - 894. What is y(-33)?
-36
Let q(o) = -318*o - 23438. Give q(-74).
94
Let u(m) = 34*m**3 - 7108*m**2 + 7484*m + 819. Determine u(208).
-13
Let a(w) = -340*w + 28249. What is a(83)?
29
Let m(y) = 2049*y + 1563390. What is m(-763)?
3
Let l(u) = -u**3 - 65*u**2 - 408*u + 12077. Calculate l(-53).
-7
Let s(r) = 4*r**3 - 31*r**2 - 26*r - 46. Calculate s(7).
-375
Let w(j) = 2414*j + 9897. What is w(-4)?
241
Let x(a) = 7*a**2 - 486*a + 643. Calculate x(68).
-37
Let q(r) = 6380*r - 8065. Calculate q(1).
-1685
Let v(p) = 9*p**2 - 2637*p + 23005. What is v(9)?
1
Let k(c) = -1216*c - 4912. Calculate k(-5).
1168
Let l(c) = 6*c**2 - 838*c - 5227. What is l(-6)?
17
Let w(x) = -1906*x - 512710. Calculate w(-269).
4
Let p(d) = d**2 - 7*d - 6945. What is p(-80)?
15
Let y(o) = -o**2 - 15689*o + 219794. What is y(14)?
-48
Let f(t) = 10*t**2 - 101*t + 144. Calculate f(0).
144
Let v(q) = 2*q**3 - 34*q**2 + 11*q + 282. Give v(15).
-453
Let l(v) = -4651*v - 209290. Determine l(-45).
5
Let j(m) = -15059*m + 903506. What is j(60)?
-34
Let a(i) = -3*i**3 - 1123*i**2 - 335*i + 14591. What is a(-374)?
5
Let l(d) = 21789*d - 1525230. Determine l(70).
0
Let l(d) = 8*d**3 - 233*d**2 + 40*d - 152. Give l(29).
167
Let n(g) = 89*g**2 + 845*g + 86. Determine n(-8).
-978
Let y(t) = 6*t**3 - 75*t**2 - 45*t + 53. Determine y(13).
-25
Let d(p) = -p**2 + 8904*p + 169526. Give d(-19).
-11
Let h(u) = 14*u**3 - 1316*u**2 - 13*u - 95. What is h(94)?
-1317
Let d(j) = 636*j - 54651. Give d(86).
45
Let k(h) = 8*h**2 + 223*h + 207. Give k(-4).
-557
Let a(j) = 5*j**2 + 575*j + 879. Determine a(-113).
-251
Let u(m) = 7777*m - 77773. Give u(10).
-3
Let u(a) = 94*a**2 + 391*a - 2. Calculate u(-3).
-329
Let h(m) = m**2 - 146*m + 2354. Calculate h(21).
-271
Let k(d) = 2180*d + 67490. Calculate k(-31).
-90
Let x(r) = 2*r**3 - 349*r**2 + 1351*r + 4027. Determine x(6).
1
Let a(l) = 7264*l - 384988. What is a(53)?
4
Let y(f) = f**3 + 9*f**2 + 1459*f + 7195. Determine y(-5).
0
Let z(d) = 119*d**2 + 1182*d + 2922. What is z(-5)?
-13
Let y(d) = -d**2 + 22477*d - 493999. Calculate y(22).
11
Let d(l) = l**3 - 16*l**2 + 109*l + 42. Determine d(16).
1786
Let u(j) = -1481021*j + 1481014. Calculate u(1).
-7
Let m(o) = 3292*o - 253505. Calculate m(77).
-21
Let x(g) = g**3 - 67*g**2 - 719*g + 23. Calculate x(-9).
338
Let b(g) = g**3 + 19*g**2 + 2221*g + 42172. Give b(-19).
-27
Let j(l) = l**3 - 25*l**2 - 263*l + 392. Calculate j(-9).
5
Let b(l) = 107*l**2 + 2962*l + 102. Determine b(-27).
-1869
Let x(g) = -38*g**3 - 6*g**2 + 3031*g - 3025. Give x(1).
-38
Let f(y) = -2*y**2 + 220*y - 3617. Determine f(20).
-17
Let i(h) = 1820*h - 158675. Give i(88).
1485
Let u(q) = 5*q**2 - 82*q - 156. What is u(25)?
919
Let f(h) = 22225*h - 1422405. Calculate f(64).
-5
Let m(o) = -o**3 + 22*o**2 + 285*o - 6283. Give m(22).
-13
Let b(t) = -t**3 + 70*t**2 + 139*t + 688. Calculate b(72).
328
Let g(v) = 72460*v + 25360995. Determine g(-350).
-5
Let p(a) = -a**3 + 959*a**2 - 3814*a + 5. Calculate p(4).
29
Let j(a) = 3771*a + 32689. What is j(-9)?
-1250
Let n(j) = j**3 + 220*j**2 + 1694*j - 382. Determine n(-212).
42
Let s(o) = 3*o**2 - 209*o - 5717. Give s(-21).
-5
Let q(j) = -j**3 - 14*j**2 - 2*j - 419. Give q(-13).
-562
Let c(h) = 1014*h + 161233. What is c(-159)?
7
Let a(x) = -2634*x**2 - 582113*x + 212. What is a(-221)?
-9
Let i(f) = 274*f**2 - 627*f + 2496. What is i(4)?
4372
Let h(l) = -12288*l - 23875591. Determine h(-1943).
-7
Let i(a) = a**2 - 230*a - 6684. Give i(255).
-309
Let b(z) = -2*z**2